{"id":2349,"date":"2024-12-26T23:53:20","date_gmt":"2024-12-26T23:53:20","guid":{"rendered":"https:\/\/soldadurasutpmty.com\/?post_type=product&#038;p=2349"},"modified":"2024-12-30T21:05:31","modified_gmt":"2024-12-30T21:05:31","slug":"bohler-fox-cel","status":"publish","type":"product","link":"https:\/\/soldadurasutpmty.com\/index.php\/producto\/bohler-fox-cel\/","title":{"rendered":"B\u00d6HLER FOX CEL"},"content":{"rendered":"<h1>Electrodo celul\u00f3sico para soldadura de l\u00edneas de tuber\u00eda, principalmente en posici\u00f3n vertical descendente.<\/h1>\n","protected":false},"excerpt":{"rendered":"<p><strong>Caracter\u00edsticas:<br \/>\n<\/strong>El electrodo celul\u00f3sico B\u00d6HLER FOX CEL+ es recomendado para soldar sobre tuber\u00edas de gran di\u00e1metro API 5 L. Especialmente para el paso de ra\u00edz con corriente directa y polaridad positiva en vertical ascendente y descendente. Tiene un excelente re-encendido del arco y poderosa fuerza de penetraci\u00f3n del dep\u00f3sito, adem\u00e1s de tener muy buenas caracter\u00edsticas de fluidez en el paso de ra\u00edz, produce cordones de superficie suave con altas velocidades de avance, tambi\u00e9n como alta seguridad contra la formaci\u00f3n de porosidades alargadas, faltas de fusi\u00f3n y socavado. Puede ser utilizado en aplicaciones con gas amargo (HIC pruebas acordes a NACE TM-02-84), valores de prueba para SSC (Sulfide Stress Cracking) tambi\u00e9n est\u00e1n disponibles<\/p>\n<p><a href=\"https:\/\/soldadurasutpmty.com\/wp-content\/uploads\/2024\/12\/p06_BOHER-FOX-CEL.pdf\" target=\"_blank\" rel=\"noopener\"><img loading=\"lazy\" decoding=\"async\" class=\"alignnone wp-image-2318\" src=\"https:\/\/soldadurasutpmty.com\/wp-content\/uploads\/2024\/12\/El-texto-del-parrafo-1-300x62.png\" alt=\"\" width=\"159\" height=\"33\" \/><\/a><\/p>\n","protected":false},"featured_media":2454,"comment_status":"open","ping_status":"closed","template":"","meta":{"_et_pb_use_builder":"on","_et_pb_old_content":"<h1>Electrodo celul\u00f3sico para soldadura de l\u00edneas de tuber\u00eda, principalmente en posici\u00f3n vertical descendente.<\/h1>","_et_gb_content_width":""},"product_brand":[],"product_cat":[34],"product_tag":[],"class_list":{"0":"post-2349","1":"product","2":"type-product","3":"status-publish","4":"has-post-thumbnail","6":"product_cat-soldaduras-convencionales","8":"first","9":"instock","10":"shipping-taxable","11":"product-type-simple"},"_links":{"self":[{"href":"https:\/\/soldadurasutpmty.com\/index.php\/wp-json\/wp\/v2\/product\/2349","targetHints":{"allow":["GET"]}}],"collection":[{"href":"https:\/\/soldadurasutpmty.com\/index.php\/wp-json\/wp\/v2\/product"}],"about":[{"href":"https:\/\/soldadurasutpmty.com\/index.php\/wp-json\/wp\/v2\/types\/product"}],"replies":[{"embeddable":true,"href":"https:\/\/soldadurasutpmty.com\/index.php\/wp-json\/wp\/v2\/comments?post=2349"}],"wp:featuredmedia":[{"embeddable":true,"href":"https:\/\/soldadurasutpmty.com\/index.php\/wp-json\/wp\/v2\/media\/2454"}],"wp:attachment":[{"href":"https:\/\/soldadurasutpmty.com\/index.php\/wp-json\/wp\/v2\/media?parent=2349"}],"wp:term":[{"taxonomy":"product_brand","embeddable":true,"href":"https:\/\/soldadurasutpmty.com\/index.php\/wp-json\/wp\/v2\/product_brand?post=2349"},{"taxonomy":"product_cat","embeddable":true,"href":"https:\/\/soldadurasutpmty.com\/index.php\/wp-json\/wp\/v2\/product_cat?post=2349"},{"taxonomy":"product_tag","embeddable":true,"href":"https:\/\/soldadurasutpmty.com\/index.php\/wp-json\/wp\/v2\/product_tag?post=2349"}],"curies":[{"name":"wp","href":"https:\/\/api.w.org\/{rel}","templated":true}]}}